{"id":125,"date":"2011-06-26T21:03:32","date_gmt":"2011-06-26T19:03:32","guid":{"rendered":"http:\/\/digimakro.de\/?page_id=125"},"modified":"2012-07-08T19:59:44","modified_gmt":"2012-07-08T17:59:44","slug":"galerie","status":"publish","type":"page","link":"https:\/\/digimakro.de\/?page_id=125","title":{"rendered":"Portfolio"},"content":{"rendered":"<div id=\"digim-4128551359\" class=\"digim-1 digim-entity-placement\" style=\"float: right;\"><div class=\"digim-adlabel\">Werbung<\/div><script async src=\"\/\/pagead2.googlesyndication.com\/pagead\/js\/adsbygoogle.js?client=ca-pub-4323943029669477\" crossorigin=\"anonymous\"><\/script><ins class=\"adsbygoogle\" style=\"display:block;\" data-ad-client=\"ca-pub-4323943029669477\" \ndata-ad-slot=\"\" \ndata-ad-format=\"auto\"><\/ins>\n<script> \n(adsbygoogle = window.adsbygoogle || []).push({}); \n<\/script>\n<\/div><p>Bitte nutzen Sie die Unterseiten\u00a0 meines Portfolios, um die Aufnahmen der entsprechenden Kategorie zu betrachten.<br \/>\nIm Vollbildmodus k\u00f6nnen Sie bequem mit dem Mausrad durch die Galerie bl\u00e4ttern.<\/p>\n<p>Viel Spa\u00df beim Betrachten meiner Aufnahmen!<\/p>\n<p>Olaf Wolfram<\/p>\n<p>Don&#8217;t use this pictures without my permission. \u00a9 All rights reserved<\/p>\n<p>&nbsp;<\/p>\n<p>&nbsp;<\/p>\n<p>&nbsp;<\/p>\n<p>&nbsp;<\/p>\n<p>&nbsp;<\/p>\n<div id=\"digim-1715855113\" class=\"digim-2 digim-entity-placement\"><div class=\"digim-adlabel\">Werbung<\/div><script async src=\"\/\/pagead2.googlesyndication.com\/pagead\/js\/adsbygoogle.js?client=ca-pub-4323943029669477\" crossorigin=\"anonymous\"><\/script><ins class=\"adsbygoogle\" style=\"display:block;\" data-ad-client=\"ca-pub-4323943029669477\" \ndata-ad-slot=\"\" \ndata-ad-format=\"auto\"><\/ins>\n<script> \n(adsbygoogle = window.adsbygoogle || []).push({}); \n<\/script>\n<\/div>","protected":false},"excerpt":{"rendered":"<p>Bitte nutzen Sie die Unterseiten\u00a0 meines Portfolios, um die Aufnahmen der entsprechenden Kategorie zu betrachten. Im Vollbildmodus k\u00f6nnen Sie bequem mit dem Mausrad durch die Galerie bl\u00e4ttern. Viel Spa\u00df beim Betrachten meiner Aufnahmen! Olaf Wolfram Don&#8217;t use this pictures without &hellip; <a href=\"https:\/\/digimakro.de\/?page_id=125\">Weiterlesen <span class=\"meta-nav\">&rarr;<\/span><\/a><\/p>\n","protected":false},"author":1,"featured_media":0,"parent":0,"menu_order":2,"comment_status":"closed","ping_status":"closed","template":"","meta":{"_crdt_document":"","footnotes":""},"class_list":["post-125","page","type-page","status-publish","hentry"],"_links":{"self":[{"href":"https:\/\/digimakro.de\/index.php?rest_route=\/wp\/v2\/pages\/125","targetHints":{"allow":["GET"]}}],"collection":[{"href":"https:\/\/digimakro.de\/index.php?rest_route=\/wp\/v2\/pages"}],"about":[{"href":"https:\/\/digimakro.de\/index.php?rest_route=\/wp\/v2\/types\/page"}],"author":[{"embeddable":true,"href":"https:\/\/digimakro.de\/index.php?rest_route=\/wp\/v2\/users\/1"}],"replies":[{"embeddable":true,"href":"https:\/\/digimakro.de\/index.php?rest_route=%2Fwp%2Fv2%2Fcomments&post=125"}],"version-history":[{"count":12,"href":"https:\/\/digimakro.de\/index.php?rest_route=\/wp\/v2\/pages\/125\/revisions"}],"predecessor-version":[{"id":3064,"href":"https:\/\/digimakro.de\/index.php?rest_route=\/wp\/v2\/pages\/125\/revisions\/3064"}],"wp:attachment":[{"href":"https:\/\/digimakro.de\/index.php?rest_route=%2Fwp%2Fv2%2Fmedia&parent=125"}],"curies":[{"name":"wp","href":"https:\/\/api.w.org\/{rel}","templated":true}]}}