{"id":1840,"date":"2011-07-11T22:38:46","date_gmt":"2011-07-11T20:38:46","guid":{"rendered":"http:\/\/digimakro.de\/?page_id=1840"},"modified":"2026-04-08T10:12:57","modified_gmt":"2026-04-08T08:12:57","slug":"preisliste","status":"publish","type":"page","link":"https:\/\/digimakro.de\/?page_id=1840","title":{"rendered":"Preisliste"},"content":{"rendered":"<div id=\"digim-2381572089\" class=\"digim-1 digim-entity-placement\" style=\"float: right;\"><div class=\"digim-adlabel\">Werbung<\/div><script async src=\"\/\/pagead2.googlesyndication.com\/pagead\/js\/adsbygoogle.js?client=ca-pub-4323943029669477\" crossorigin=\"anonymous\"><\/script><ins class=\"adsbygoogle\" style=\"display:block;\" data-ad-client=\"ca-pub-4323943029669477\" \ndata-ad-slot=\"\" \ndata-ad-format=\"auto\"><\/ins>\n<script> \n(adsbygoogle = window.adsbygoogle || []).push({}); \n<\/script>\n<\/div><p>Kleinunternehmer &#8211; Regelung<\/p>\n<p>Nach \u00a719 UStG, Besteuerung der Kleinunternehmer, enthalten Rechnungen keine MwSt.<\/p>\n<p>&#8230;&#8230;&#8230;&#8230;&#8230;&#8230;&#8230;&#8230;&#8230;&#8230;&#8230;&#8230;&#8230;&#8230;&#8230;&#8230;&#8230;&#8230;&#8230;&#8230;&#8230;&#8230;&#8230;&#8230;&#8230;&#8230;&#8230;&#8230;&#8230;&#8230;&#8230;&#8230;&#8230;&#8230;&#8230;&#8230;&#8230;&#8230;&#8230;&#8230;&#8230;&#8230;&#8230;&#8230;&#8230;&#8230;&#8230;&#8230;&#8230;&#8230;&#8230;&#8230;.<\/p>\n<p><a href=\"https:\/\/digimakro.de\/wp-content\/uploads\/2023\/01\/Hochzeitsfotograf-1.jpg\" data-rel=\"lightbox-image-0\" data-magnific_type=\"image\" data-rl_title=\"\" data-rl_caption=\"\" title=\"\"><img fetchpriority=\"high\" decoding=\"async\" class=\"alignnone size-full wp-image-11057\" src=\"https:\/\/digimakro.de\/wp-content\/uploads\/2023\/01\/Hochzeitsfotograf-1.jpg\" alt=\"\" width=\"1748\" height=\"1240\" srcset=\"https:\/\/digimakro.de\/wp-content\/uploads\/2023\/01\/Hochzeitsfotograf-1.jpg 1748w, https:\/\/digimakro.de\/wp-content\/uploads\/2023\/01\/Hochzeitsfotograf-1-300x213.jpg 300w, https:\/\/digimakro.de\/wp-content\/uploads\/2023\/01\/Hochzeitsfotograf-1-1024x726.jpg 1024w, https:\/\/digimakro.de\/wp-content\/uploads\/2023\/01\/Hochzeitsfotograf-1-768x545.jpg 768w, https:\/\/digimakro.de\/wp-content\/uploads\/2023\/01\/Hochzeitsfotograf-1-1536x1090.jpg 1536w\" sizes=\"(max-width: 1748px) 100vw, 1748px\" \/><\/a><\/p>\n<p><strong>Preise f\u00fcr Hochzeitsfotografie:<\/strong><\/p>\n<p><strong>Wedding-Paket 1<\/strong><br \/>\nHochzeitsshooting<br \/>\n<strong>500 Euro<\/strong><\/p>\n<p><strong>Wedding-Paket 2<\/strong><br \/>\nHochzeitsshooting und standesamtliche Trauungszeremonie<br \/>\n<strong>600 Euro<\/strong><\/p>\n<p><strong>Wedding-Paket 3<\/strong><br \/>\nHochzeitsshooting und standesamtliche sowie kirchliche Trauungszeremonie<br \/>\n<strong>700 Euro<\/strong><\/p>\n<p><strong>Wedding-Paket 4<\/strong><br \/>\nHochzeitsshooting, Trauungszeremonie und 2 Stunden Hochzeitsfeier<br \/>\n<strong>800 Euro<\/strong><br \/>\n(Falls eine l\u00e4ngere Dokumentation der Feierlichkeiten gew\u00fcnscht wird: gilt ein Stundensatz von 50 Euro pro angefangene Stunde)<\/p>\n<p><strong>Wedding-Paket 5<\/strong><br \/>\nHochzeitsshooting, standesamtliche sowie kirchliche Trauungszeremonie und 2 Stunden Hochzeitsfeier<br \/>\n<strong>900 Euro<\/strong><br \/>\n(Falls eine l\u00e4ngere Dokumentation der Feierlichkeiten gew\u00fcnscht wird: gilt ein Stundensatz von 50 Euro pro angefangene Stunde)<\/p>\n<p>&#8211; Wedding-Pakete beinhalten ALLE Fotos auf CD, DVD oder USB-Stick im Format jpg in voller Aufl\u00f6sung. Weiterhin sind in den Paketen 18 Fotos enthalten, die sich sich aus allen, von mir gemachten Aufnahmen aussuchen k\u00f6nnen, Diese bearbeite ich. inclusive Beautyretusche, nach Ihren W\u00fcnschen nach und lasse diese f\u00fcr sie in folgenden Formaten ausbelichten:<br \/>\n&#8211; 10 Ausbelichtungen im Format 10&#215;15 cm<br \/>\n&#8211; 6 Ausbelichtungen im Format 13&#215;19 cm<br \/>\n&#8211; 2 Ausbelichtungen im Format 30&#215;45 cm<\/p>\n<p>F\u00fcr zus\u00e4tzliche Leistung bitte anfragen. Ich erstelle Ihnen gerne ein individuelles Angebot.<\/p>\n<p>Fahrten au\u00dferhalb von Schwarzenberg werden, zus\u00e4tzlich vom gebuchten Hochzeitspaket, mit 0.50 Cent\/Kilometer (f\u00fcr Hin- und R\u00fcckweg) in Rechnung gestellt.<\/p>\n<p><strong>Bei Buchung wird ein Vorauszahlung von 100,- Euro f\u00e4llig. Diese Vorauszahlung <\/strong><strong>kann bei Absage nicht zur\u00fcckgefordert werden!<\/strong><\/p>\n<p>&#8230;&#8230;&#8230;&#8230;&#8230;&#8230;&#8230;&#8230;&#8230;&#8230;&#8230;&#8230;&#8230;&#8230;&#8230;&#8230;&#8230;&#8230;&#8230;&#8230;&#8230;&#8230;&#8230;&#8230;&#8230;&#8230;&#8230;&#8230;&#8230;&#8230;&#8230;&#8230;&#8230;&#8230;&#8230;&#8230;&#8230;&#8230;&#8230;&#8230;&#8230;&#8230;&#8230;&#8230;&#8230;&#8230;&#8230;&#8230;&#8230;&#8230;&#8230;&#8230;.<\/p>\n<p><a href=\"https:\/\/digimakro.de\/wp-content\/uploads\/2024\/04\/Werbung_Pass_Bewerbungsfotos.jpg\" data-rel=\"lightbox-image-1\" data-magnific_type=\"image\" data-rl_title=\"\" data-rl_caption=\"\" title=\"\"><img decoding=\"async\" class=\"alignnone size-full wp-image-11848\" src=\"https:\/\/digimakro.de\/wp-content\/uploads\/2024\/04\/Werbung_Pass_Bewerbungsfotos.jpg\" alt=\"\" width=\"800\" height=\"500\" srcset=\"https:\/\/digimakro.de\/wp-content\/uploads\/2024\/04\/Werbung_Pass_Bewerbungsfotos.jpg 800w, https:\/\/digimakro.de\/wp-content\/uploads\/2024\/04\/Werbung_Pass_Bewerbungsfotos-300x188.jpg 300w, https:\/\/digimakro.de\/wp-content\/uploads\/2024\/04\/Werbung_Pass_Bewerbungsfotos-768x480.jpg 768w\" sizes=\"(max-width: 800px) 100vw, 800px\" \/><\/a><\/p>\n<p><strong>Preise f\u00fcr Pass- und Bewerbungsfotos:<\/strong><\/p>\n<p>8 Passfotos<br \/>\nbiometrisch, nach gesetzlichen Vorgaben &#8230; 20,00 Euro<\/p>\n<p>4 Bewerbungsfotos<br \/>\nEs werden mehrere, pers\u00f6nlich auf den Kunden und auf die Bewerbung zugeschnittene Fotos erstellt, aus denen dann das Bewerbungsfoto ausgew\u00e4hlt wird. Das Bewerbungsfoto wird dann noch individuell bearbeitet (Beautyretusche, Hintergrund ect.). &#8230; 70,00 Euro<br \/>\n&#8230;&#8230;&#8230;&#8230;&#8230;&#8230;&#8230;&#8230;&#8230;&#8230;&#8230;&#8230;&#8230;&#8230;&#8230;&#8230;&#8230;&#8230;&#8230;&#8230;&#8230;&#8230;&#8230;&#8230;&#8230;&#8230;&#8230;&#8230;&#8230;&#8230;&#8230;&#8230;&#8230;&#8230;&#8230;&#8230;&#8230;&#8230;&#8230;&#8230;&#8230;&#8230;&#8230;&#8230;&#8230;&#8230;&#8230;&#8230;&#8230;&#8230;&#8230;&#8230;.<\/p>\n<p><a href=\"https:\/\/digimakro.de\/wp-content\/uploads\/2025\/08\/29_DJI_20250821200029_0055_D-HDR-Pano_Talsperre_Eibenstock_SU-Kopie-scaled.jpg\" data-rel=\"lightbox-image-2\" data-magnific_type=\"image\" data-rl_title=\"\" data-rl_caption=\"\" title=\"\"><img decoding=\"async\" class=\"alignnone size-full wp-image-12856\" src=\"https:\/\/digimakro.de\/wp-content\/uploads\/2025\/08\/29_DJI_20250821200029_0055_D-HDR-Pano_Talsperre_Eibenstock_SU-Kopie-scaled.jpg\" alt=\"\" width=\"2560\" height=\"823\" srcset=\"https:\/\/digimakro.de\/wp-content\/uploads\/2025\/08\/29_DJI_20250821200029_0055_D-HDR-Pano_Talsperre_Eibenstock_SU-Kopie-scaled.jpg 2560w, https:\/\/digimakro.de\/wp-content\/uploads\/2025\/08\/29_DJI_20250821200029_0055_D-HDR-Pano_Talsperre_Eibenstock_SU-Kopie-300x96.jpg 300w, https:\/\/digimakro.de\/wp-content\/uploads\/2025\/08\/29_DJI_20250821200029_0055_D-HDR-Pano_Talsperre_Eibenstock_SU-Kopie-1024x329.jpg 1024w, https:\/\/digimakro.de\/wp-content\/uploads\/2025\/08\/29_DJI_20250821200029_0055_D-HDR-Pano_Talsperre_Eibenstock_SU-Kopie-768x247.jpg 768w, https:\/\/digimakro.de\/wp-content\/uploads\/2025\/08\/29_DJI_20250821200029_0055_D-HDR-Pano_Talsperre_Eibenstock_SU-Kopie-1536x494.jpg 1536w, https:\/\/digimakro.de\/wp-content\/uploads\/2025\/08\/29_DJI_20250821200029_0055_D-HDR-Pano_Talsperre_Eibenstock_SU-Kopie-2048x658.jpg 2048w\" sizes=\"(max-width: 2560px) 100vw, 2560px\" \/><\/a><\/p>\n<p>Professionelle Drohnenaufnahmen: ab <strong>250 Euro<\/strong><br \/>\nF\u00fcr ein individuelles Angebot kontaktieren sie mich gern per E-Mail: <a href=\"mailto:foto@digimakro.de\">foto@digimakro.de<\/a> oder telefonisch unter: 01739160423<\/p>\n<p>&#8230;&#8230;&#8230;&#8230;&#8230;&#8230;&#8230;&#8230;&#8230;&#8230;&#8230;&#8230;&#8230;&#8230;&#8230;&#8230;&#8230;&#8230;&#8230;&#8230;&#8230;&#8230;&#8230;&#8230;&#8230;&#8230;&#8230;&#8230;&#8230;&#8230;&#8230;&#8230;&#8230;&#8230;&#8230;&#8230;&#8230;&#8230;&#8230;&#8230;&#8230;&#8230;&#8230;&#8230;&#8230;&#8230;&#8230;&#8230;&#8230;&#8230;&#8230;&#8230;.<\/p>\n<p><strong>Die Preise f\u00fcr <strong>Fotoshootings,<\/strong> Familienfeiern etc. richten sich nach dem Aufwand. <\/strong><br \/>\n<strong>Bitte kontaktieren Sie mich, ich erstelle Ihnen gern ein individuelles Angebot.<\/strong><\/p>\n<p><strong>F\u00fcr alle Fotoarbeiten im privaten Bereich gilt, solange nicht anders vereinbart, ein Stundensatz von 50,- \u20ac pro angefangene Stunde.<\/strong><\/p>\n<p>Fahrten au\u00dferhalb von Schwarzenberg werden mit 0.50 Cent\/Kilometer (f\u00fcr Hin- und R\u00fcckweg) in Rechnung gestellt.<\/p>\n<p>Die Stromkosten f\u00fcr Beleuchtung etc. tr\u00e4gt der Kunde<\/p>\n<p>Preise f\u00fcr Bilderbestellungen:<\/p>\n<p>10&#215;15 &#8230;&#8230;&#8230;&#8230;&#8230;&#8230;&#8230;&#8230;&#8230;&#8230;&#8230;&#8230;&#8230;&#8230;&#8230;&#8230;&#8230;&#8230;&#8230; 16,00 Euro<\/p>\n<p>13&#215;18 &#8230;&#8230;&#8230;&#8230;&#8230;&#8230;&#8230;&#8230;&#8230;&#8230;&#8230;&#8230;&#8230;&#8230;&#8230;&#8230;&#8230;&#8230;&#8230; 18,00 Euro<br \/>\n13&#215;19,05<\/p>\n<p>15&#215;15 &#8230;&#8230;&#8230;&#8230;&#8230;&#8230;&#8230;&#8230;&#8230;&#8230;&#8230;&#8230;&#8230;&#8230;&#8230;&#8230;&#8230;&#8230;&#8230; 23,00 Euro<br \/>\n15&#215;21<br \/>\n15&#215;22<\/p>\n<p>18&#215;18 &#8230;&#8230;&#8230;&#8230;&#8230;&#8230;&#8230;&#8230;&#8230;&#8230;&#8230;&#8230;&#8230;&#8230;&#8230;&#8230;&#8230;&#8230;&#8230; 25,00 Euro<br \/>\n18&#215;24<\/p>\n<p>Posterformate<\/p>\n<p>20&#215;30 &#8230;&#8230;&#8230;&#8230;&#8230;&#8230;&#8230;&#8230;&#8230;&#8230;&#8230;&#8230;&#8230;&#8230;&#8230;&#8230;&#8230;&#8230;&#8230; 35,00 Euro<br \/>\n21&#215;30<\/p>\n<p>24&#215;30 &#8230;&#8230;&#8230;&#8230;&#8230;&#8230;&#8230;&#8230;&#8230;&#8230;&#8230;&#8230;&#8230;&#8230;&#8230;&#8230;&#8230;&#8230;&#8230; 38,00 Euro<\/p>\n<p>30&#215;30 &#8230;&#8230;&#8230;&#8230;&#8230;&#8230;&#8230;&#8230;&#8230;&#8230;&#8230;&#8230;&#8230;&#8230;&#8230;&#8230;&#8230;&#8230;&#8230; 45,00 Euro<br \/>\n30&#215;40<br \/>\n30&#215;45<\/p>\n<p>Sonderformate auf Anfrage!<\/p>\n<p>Die Preise gelten f\u00fcr Ausbelichtung auf hochwertigem Fuji-Fotopapier in Matt oder Glanz.<br \/>\nBei Ausbelichtung auf Fuji-Silk-Portait-Fotopapier kommt ein Zuschlag von 2,- \u20ac pro Abzug hinzu!<\/p>\n<p>F\u00fcr Bildbestellungen unter 5 Fotos (au\u00dfer Posterformate) wird ein Mindermengenzuschlag von 5 Euro erhoben.<\/p>\n<p>Digitale Bildbearbeitung:<\/p>\n<p>Bei einer Bestellung von Papierbildern ist im Preis die digitale Grundoptimierung der Aufnahme preislich enthalten. In einigen F\u00e4llen kann es allerdings sinnvoll sein, dass Sie sich einzelne, von Ihnen ausgew\u00e4hlte Aufnahmen, von mir digital optimieren bzw. auf Wunsch verfremden (Tonung, Teiltonung, Bildmontagen ect.) lassen. Falls nicht besonders aufwendige Arbeiten n\u00f6tig sind, betr\u00e4gt der Preis pro optimierte Datei 4,- Euro (zus\u00e4tzlich zu dem Preis f\u00fcr die Ausbelichtung). Aufwendige digitale Bildbearbeitung (z.B. komplizierte Montagen) wird nach einem Stundensatz von 50,-Euro berechnet.<\/p>\n<div id=\"digim-171656012\" class=\"digim-2 digim-entity-placement\"><div class=\"digim-adlabel\">Werbung<\/div><script async src=\"\/\/pagead2.googlesyndication.com\/pagead\/js\/adsbygoogle.js?client=ca-pub-4323943029669477\" crossorigin=\"anonymous\"><\/script><ins class=\"adsbygoogle\" style=\"display:block;\" data-ad-client=\"ca-pub-4323943029669477\" \ndata-ad-slot=\"\" \ndata-ad-format=\"auto\"><\/ins>\n<script> \n(adsbygoogle = window.adsbygoogle || []).push({}); \n<\/script>\n<\/div>","protected":false},"excerpt":{"rendered":"<p>Kleinunternehmer &#8211; Regelung Nach \u00a719 UStG, Besteuerung der Kleinunternehmer, enthalten Rechnungen keine MwSt. &#8230;&#8230;&#8230;&#8230;&#8230;&#8230;&#8230;&#8230;&#8230;&#8230;&#8230;&#8230;&#8230;&#8230;&#8230;&#8230;&#8230;&#8230;&#8230;&#8230;&#8230;&#8230;&#8230;&#8230;&#8230;&#8230;&#8230;&#8230;&#8230;&#8230;&#8230;&#8230;&#8230;&#8230;&#8230;&#8230;&#8230;&#8230;&#8230;&#8230;&#8230;&#8230;&#8230;&#8230;&#8230;&#8230;&#8230;&#8230;&#8230;&#8230;&#8230;&#8230;. Preise f\u00fcr Hochzeitsfotografie: Wedding-Paket 1 Hochzeitsshooting 500 Euro Wedding-Paket 2 Hochzeitsshooting und standesamtliche Trauungszeremonie 600 Euro Wedding-Paket 3 Hochzeitsshooting und standesamtliche sowie kirchliche Trauungszeremonie 700 Euro &hellip; <a href=\"https:\/\/digimakro.de\/?page_id=1840\">Weiterlesen <span class=\"meta-nav\">&rarr;<\/span><\/a><\/p>\n","protected":false},"author":1,"featured_media":0,"parent":0,"menu_order":11,"comment_status":"open","ping_status":"open","template":"","meta":{"_crdt_document":"","footnotes":""},"class_list":["post-1840","page","type-page","status-publish","hentry"],"_links":{"self":[{"href":"https:\/\/digimakro.de\/index.php?rest_route=\/wp\/v2\/pages\/1840","targetHints":{"allow":["GET"]}}],"collection":[{"href":"https:\/\/digimakro.de\/index.php?rest_route=\/wp\/v2\/pages"}],"about":[{"href":"https:\/\/digimakro.de\/index.php?rest_route=\/wp\/v2\/types\/page"}],"author":[{"embeddable":true,"href":"https:\/\/digimakro.de\/index.php?rest_route=\/wp\/v2\/users\/1"}],"replies":[{"embeddable":true,"href":"https:\/\/digimakro.de\/index.php?rest_route=%2Fwp%2Fv2%2Fcomments&post=1840"}],"version-history":[{"count":59,"href":"https:\/\/digimakro.de\/index.php?rest_route=\/wp\/v2\/pages\/1840\/revisions"}],"predecessor-version":[{"id":13338,"href":"https:\/\/digimakro.de\/index.php?rest_route=\/wp\/v2\/pages\/1840\/revisions\/13338"}],"wp:attachment":[{"href":"https:\/\/digimakro.de\/index.php?rest_route=%2Fwp%2Fv2%2Fmedia&parent=1840"}],"curies":[{"name":"wp","href":"https:\/\/api.w.org\/{rel}","templated":true}]}}